 the prime factors of f.
3
Let b = -12 - -17. Suppose q - b*q + 144 = 0. List the prime factors of q.
2, 3
Suppose 54 = j + 5*z, 4*j = -2*z + 6*z + 144. List the prime factors of ((-6)/(-9))/(2/j).
13
Let p = 9 + -5. Suppose -p*s = -13 - 11. What are the prime factors of s?
2, 3
Let s(a) = 5*a**2 + 9*a + 4. Let r(i) = i**2 + i + 1. Let u(j) = 6*r(j) - s(j). What are the prime factors of u(5)?
2, 3
Let k(o) = 3*o**3 - 3*o**2 + 1. Let p(b) = -b**3 - 6*b**2 - 4*b + 7. Let t be p(-5). List the prime factors of k(t).
13
Let d = 10 - 7. Let i = 3 - -10. Let o = i + d. List the prime factors of o.
2
Suppose 40 = 5*q + 3*h, -4*q - h + 30 = -9. Let f(z) = 2*z + z - 4*z + q. List the prime factors of f(0).
11
Let y(m) = -m**3 - 3*m**2 + 5*m - 2. Let w be y(-5). Let q = w + 6. Suppose 5*r - 20 = 0, d - r + q = 6*d. What are the prime factors of d?
5
Let j(u) = u**3 + 5*u**2 - 5*u + 6. Let c be j(-6). Let t be c/(2 + 1/(-1)). Suppose -3*n - 12 = t, 2*g + 3*n = 4*n + 16. List the prime factors of g.
2, 3
Let r = -132 + 192. Suppose 0 = 5*g - 4*j - r, 2*g - 3*j - 8 = 16. List the prime factors of g.
2, 3
Suppose -4*y + b = -628, -3*y - 456 = -6*y - 3*b. What are the prime factors of y?
2, 3, 13
Let w = 3 - 1. Suppose w*i - 2 - 6 = 0. Suppose s - 9 = -2*t - i*s, -t = -5*s - 12. What are the prime factors of t?
7
List the prime factors of (-8 + 182/21)/(2/90).
2, 3, 5
Suppose 4*l = 16, -5 + 1 = -3*v + 2*l. Let w(n) = n**3 - 3*n**2 + 4*n + 1. What are the prime factors of w(v)?
3, 11
Suppose -f - 152 = -5*o, -2*f = -5*o + o + 280. What are the prime factors of 1/(3 - f/(-45))?
3, 5
Suppose 4*q + 3*n = 34 + 241, -3*q + 209 = 5*n. List the prime factors of q.
2, 17
Let b(y) = 4 + y**2 - 5*y + 2*y**2 - y**2 - y**2. List the prime factors of b(-5).
2, 3
Let h(v) = v**3 - 2*v**2 - 3*v + 4. Suppose 1 = -5*b + 16. Let t be h(b). Suppose 3*d = t + 2. List the prime factors of d.
2
Suppose -t - 37 = -2*c, 0*t - t - 55 = -3*c. What are the prime factors of c?
2, 3
Let o be (80/(-24))/((-2)/(-3)). Let w(y) = -y**3 - 5*y**2 + 4. What are the prime factors of w(o)?
2
Suppose j + 165 = 6*j. What are the prime factors of j/3 + -2 + 5?
2, 7
Let k = -18 + 10. List the prime factors of (-2)/k - (-47)/4.
2, 3
Suppose 4*f + 138 + 334 = -2*j, f = 4*j - 100. Let b = -78 - f. What are the prime factors of b?
2, 19
Suppose -31 = -g + 9. List the prime factors of g.
2, 5
Suppose 0 = -3*v + 2 + 1. Let m be 15/(-12) - v/(-4). Let o = m - -16. List the prime factors of o.
3, 5
Suppose -5*k + 85 = -25. Let f = -11 + k. What are the prime factors of f?
11
Let x be 1*(6 - 1) - 2. What are the prime factors of 24*8*x/18?
2
Suppose 279 = 2*k + k. Suppose -k = -0*j + 3*j. Let x = -18 - j. List the prime factors of x.
13
Let o = -21 - -12. Let b = o + 19. List the prime factors of b.
2, 5
Let g(c) = -c - 14. Let i be g(-6). Let p = -13 - i. What are the prime factors of (p + 3)/(4/(-22))?
11
Let o = -5 - -9. Suppose 0 = o*v - f - 9, 3*v + 3 = 2*f + 6. Suppose v*h = 4*w + 23, h + h - 2*w = 16. What are the prime factors of h?
3
Let k be (-47)/9 - (-14)/63. Let o = 12 - k. List the prime factors of o.
17
List the prime factors of 2212/(-42)*3/(-2).
79
Suppose -n + 3*p - 3 = 0, 0*n + p = -3*n + 21. Let m = n + -1. Let x(s) = s**3 - 4*s**2 - 6. List the prime factors of x(m).
19
Suppose 10 = 5*b - 80. Let x = b + -15. List the prime factors of x.
3
Let j = 6 + 39. List the prime factors of j.
3, 5
Suppose c + 24 = -0*c. Let a = 41 + c. What are the prime factors of a?
17
Suppose x - 3 = 3. Let k(j) = -j**3 + 6*j**2 + 9*j - 2. Let n be k(x). Suppose 5*d - 58 = 2*q, 3*q = 4*d + 7*q - n. List the prime factors of d.
2, 3
Suppose -2*q - 1134 = -5*q + 3*z, 3*z - 1104 = -3*q. List the prime factors of q.
373
Suppose -t - 2 = -1, -z + 5*t + 186 = 0. What are the prime factors of z?
181
Suppose i = 7 - 2. Suppose -i*m = -21 - 29. List the prime factors of m.
2, 5
Suppose q - 6 = -2*q. List the prime factors of ((-15)/q)/((-9)/12).
2, 5
Suppose -5*n + 4*o = 24, 3*o = n + 2*n + 12. List the prime factors of (4 + n)/(-8)*48.
2, 3
Suppose 207 = q + 56. What are the prime factors of q?
151
Suppose -16*q - 650 = -21*q. List the prime factors of q.
2, 5, 13
Suppose 0 = -4*q + 8*q - 4. Let r(c) = -14*c**2 - c. Let h be r(q). Let o = h + 27. List the prime factors of o.
2, 3
Suppose -2*j - 1 = -11. Suppose 4*r - 56 = o, 2*r - 19 = -j*o + 31. List the prime factors of r.
3, 5
Let l = -9 + 14. Suppose 2 = -2*t - 0, -55 = -5*a - l*t. Suppose a = 2*h + 4*s, -17 - 1 = -3*h + 4*s. What are the prime factors of h?
2, 3
Suppose -1 = h, 5*h + 19 = 5*j + 4. Let d(q) = q**2. What are the prime factors of d(j)?
2
Let f(a) = -a**3 - 4*a**2 + 4. Let r be f(-4). What are the prime factors of (-6)/r + 114/12?
2
Suppose -10*h = -8*h - 10. Suppose 5*d + 0*d = c + 30, 2*c = -10. Suppose -d*i = 3*y - 14, 0 = 3*y + i - h*i - 59. What are the prime factors of y?
13
Let m be 4*(-1)/3*-6. Suppose -20 = -m*d + 3*d. Suppose 2*b - 34 = 5*o, d*b + 2*o - 46 = o. What are the prime factors of b?
2, 3
Let v(y) = -62*y + 27. List the prime factors of v(-3).
3, 71
Let f(n) be the third derivative of -n**5/60 + 7*n**4/24 - n**3/3 + 6*n**2. What are the prime factors of f(6)?
2
Let p = 33 - -10. List the prime factors of p.
43
Let f = 44 + -9. List the prime factors of f.
5, 7
Let v = -2 - -4. Suppose v*c - 4 - 2 = 0. List the prime factors of (16/(-6))/((-1)/c).
2
Suppose -4*a + 31 = -33. Let b = -1 - 4. Let m = b + a. What are the prime factors of m?
11
Let o be (3 - 7)*6/(-8). Let b = o - -13. What are the prime factors of b?
2
Let o(c) = -3*c - 2. List the prime factors of o(-8).
2, 11
Let r(d) = -d**3 - 8*d**2 - 8*d - 7. Let t be r(-7). Suppose t*q - 22 = -2*q. List the prime factors of q.
11
Suppose -3*q = -5*z - 7*q + 50, -4 = -4*z + 4*q. Let s = z - -1. What are the prime factors of s?
7
Suppose 133 = -6*h + 475. What are the prime factors of h?
3, 19
Let u(t) = -t - 2. Let c be u(-4). Suppose -5*g + 4 = 3*f - 13, 0 = 5*g - c*f - 22. List the prime factors of g.
2
Let o = 16 + -30. Let v = o + 24. List the prime factors of v.
2, 5
List the prime factors of (36/21)/((-1)/(-28)).
2, 3
Let p = -59 + 91. List the prime factors of p.
2
Let l(s) = -s + s - 3 + 2*s. List the prime factors of l(9).
3, 5
Let z(i) be the first derivative of 3*i**2 + 5*i - 4. List the prime factors of z(8).
53
Let i(p) be the third derivative of p**5/60 + p**4/12 - p**3/2 - p**2. Suppose -y = 26 - 21. What are the prime factors of i(y)?
2, 3
Let y = 7 - 4. Let i(q) be the first derivative of -q**4/4 + q**3 + q**2/2 + 1. List the prime factors of i(y).
3
Let a(q) be the first derivative of -5*q**2/2 - 8*q + 9. What are the prime factors of a(-7)?
3
Suppose -2*d = -4*d + 6. What are the prime factors of 11/d*3 + 3?
2, 7
Let s(d) = -d**2 + 10*d - 6. Let a be s(9). Suppose w = 8 - a. Suppose 5*f - 2*o - 80 = -o, w*f - 100 = -3*o. List the prime factors of f.
17
Suppose 12 + 2 = 2*l. What are the prime factors of 3/6 + l/2?
2
Let g(v) = v + 4. Let l be g(-2). Suppose 0*a - 78 = -l*a. List the prime factors of a.
3, 13
Let s(a) = 4*a - 1. Let w(b) = b**3 + 6*b**2 + b + 8. Let h be w(-6). List the prime factors of s(h).
7
Let v(s) = s - 6. Let f be v(9). Let m(r) = 6*r + 3. What are the prime factors of m(f)?
3, 7
Suppose -3*x + 570 = 3*x. List the prime factors of x.
5, 19
List the prime factors of 2 + 6/1 + 3.
11
Let k(b) be the first derivative of -b**2/2 + 3*b - 1. Let d(p) = 3*p - 3. Let s be d(1). What are the prime factors of k(s)?
3
Suppose -2 = -b + 2. What are the prime factors of b?
2
Let l(y) = y**3 - 14*y**2 + 2*y + 3. List the prime factors of l(14).
31
Let b(k) = -k. Let o be b(-5). Suppose -3*y = o*z - y + 624, 0 = -2*z + 5*y - 238. What are the prime factors of 4/(-10) + z/(-10)?
2, 3
Suppose -r - 4*k + 3 = -17, 46 = 4*r - k. List the prime factors of r.
2, 3
Suppose 55 = 2*h - 33. Suppose 3*g + d - 47 = 3*d, 2*d - h = -4*g. List the prime factors of g.
13
List the prime factors of (3 + 17)*8/5.
2
Suppose 0 = -3*s + 3, -3*p = 2*s - s - 757. List the prime factors of p.
2, 3, 7
Let f = -5 + 6. Suppose -3 + 7 = -2*t. List the prime factors of 8/f - (t + 2).
2
Let f = -233 + 545. What are the prime factors of (f/18)/((-2)/(-3))?
2, 13
Let o(i) = 5*i**2 - 4*